
{"id":36384,"date":"2022-06-21T16:26:38","date_gmt":"2022-06-21T22:26:38","guid":{"rendered":"https:\/\/unez.edu.mx\/?page_id=36384"},"modified":"2022-09-22T11:30:30","modified_gmt":"2022-09-22T17:30:30","slug":"vestigium-apuntes-universitarios","status":"publish","type":"page","link":"https:\/\/unez.edu.mx\/?page_id=36384","title":{"rendered":"Vestigium. Apuntes universitarios"},"content":{"rendered":"<p><img loading=\"lazy\" decoding=\"async\" class=\" wp-image-11303 aligncenter\" src=\"https:\/\/unez.edu.mx\/wp-content\/uploads\/2017\/04\/UEZ-final-400-239x300.png\" alt=\"\" width=\"166\" height=\"208\" srcset=\"https:\/\/unez.edu.mx\/wp-content\/uploads\/2017\/04\/UEZ-final-400-239x300.png 239w, https:\/\/unez.edu.mx\/wp-content\/uploads\/2017\/04\/UEZ-final-400.png 400w\" sizes=\"auto, (max-width: 166px) 100vw, 166px\" \/><\/p>\n<p style=\"text-align: justify; background: white; margin: 0cm 0cm 17.05pt 0cm;\"><span style=\"color: #000000;\"><em><span style=\"font-size: 14.5pt; font-family: 'Source Sans Pro', sans-serif;\">La Universidad Emiliano Zapata, con una perspectiva cr\u00edtica y de compromiso social, crea el espacio de<\/span><\/em><span style=\"box-sizing: border-box;\"><span style=\"font-size: 14.5pt; font-family: 'Source Sans Pro', sans-serif;\">&nbsp;<strong style=\"box-sizing: border-box;\"><span style=\"font-family: 'Source Sans Pro',sans-serif;\">Vestigium. Apuntes universitarios<\/span><\/strong><em style=\"box-sizing: border-box;\"><span style=\"font-family: 'Source Sans Pro',sans-serif;\">, abierta a docentes, acad\u00e9micos, investigadores, que est\u00e9n interesados en divulgar sus aportaciones al campo del conocimiento desde distintas \u00e1reas.<\/span><\/em><\/span><\/span><\/span><\/p>\n<p style=\"text-align: justify; background: white; box-sizing: border-box; font-variant-ligatures: normal; font-variant-caps: normal; orphans: 2; widows: 2; -webkit-text-stroke-width: 0px; word-spacing: 0px; margin: 0cm 0cm 17.05pt;\"><span style=\"color: #000000;\"><em style=\"box-sizing: border-box;\"><span style=\"box-sizing: border-box;\"><span style=\"font-size: 14.5pt; font-family: 'Source Sans Pro', sans-serif;\">La publicaci\u00f3n es una revista multidisciplinaria, cuya intenci\u00f3n es difundir investigaciones, reflexiones, art\u00edculos, rese\u00f1as, comentarios, etc., para estudiar diferentes aspectos de la complejidad humana.<\/span><\/span><\/em><\/span><\/p>\n<hr>\n<hr>\n<p><img loading=\"lazy\" decoding=\"async\" class=\"alignnone size-medium wp-image-45549\" src=\"https:\/\/unez.edu.mx\/wp-content\/uploads\/2022\/09\/Portada-Vestigium-244x300.jpg\" alt=\"\" width=\"244\" height=\"300\" srcset=\"https:\/\/unez.edu.mx\/wp-content\/uploads\/2022\/09\/Portada-Vestigium-244x300.jpg 244w, https:\/\/unez.edu.mx\/wp-content\/uploads\/2022\/09\/Portada-Vestigium.jpg 681w\" sizes=\"auto, (max-width: 244px) 100vw, 244px\" \/><\/p>\n<p><span style=\"color: #000000;\">N\u00famero actual: <em>A\u00f1o 3, No. 1, enero-junio del 2022<\/em>&nbsp;Publicado: 2022-09-22. N\u00famero completo.<\/span><\/p>\n<p><a href=\"http:\/\/www.unez.edu.mx\/revistas\/2022\/ej2022\/edicion_completa.pdf\" target=\"_blank\" rel=\"noopener\"><img loading=\"lazy\" decoding=\"async\" class=\"alignnone wp-image-26878\" src=\"https:\/\/unez.edu.mx\/wp-content\/uploads\/2021\/09\/BOTON-PDF-300x169.jpg\" alt=\"\" width=\"77\" height=\"43\" srcset=\"https:\/\/unez.edu.mx\/wp-content\/uploads\/2021\/09\/BOTON-PDF-300x169.jpg 300w, https:\/\/unez.edu.mx\/wp-content\/uploads\/2021\/09\/BOTON-PDF-1024x576.jpg 1024w, https:\/\/unez.edu.mx\/wp-content\/uploads\/2021\/09\/BOTON-PDF-768x432.jpg 768w, https:\/\/unez.edu.mx\/wp-content\/uploads\/2021\/09\/BOTON-PDF-672x372.jpg 672w, https:\/\/unez.edu.mx\/wp-content\/uploads\/2021\/09\/BOTON-PDF.jpg 1280w\" sizes=\"auto, (max-width: 77px) 100vw, 77px\" \/><\/a><\/p>\n<p><strong><em>Art\u00edculo 1. <\/em><em>Significante y significado. Sobre una an\u00e9cdota freudiana<\/em> <em>&nbsp;<\/em><\/strong><\/p>\n<p>Ivon Monserrat Alvarado Garc\u00eda<\/p>\n<p><a href=\"http:\/\/www.unez.edu.mx\/revistas\/2022\/ej2022\/1_significante.pdf\" target=\"_blank\" rel=\"noopener\"><img loading=\"lazy\" decoding=\"async\" class=\"alignnone wp-image-26878\" src=\"https:\/\/unez.edu.mx\/wp-content\/uploads\/2021\/09\/BOTON-PDF-300x169.jpg\" alt=\"\" width=\"77\" height=\"43\" srcset=\"https:\/\/unez.edu.mx\/wp-content\/uploads\/2021\/09\/BOTON-PDF-300x169.jpg 300w, https:\/\/unez.edu.mx\/wp-content\/uploads\/2021\/09\/BOTON-PDF-1024x576.jpg 1024w, https:\/\/unez.edu.mx\/wp-content\/uploads\/2021\/09\/BOTON-PDF-768x432.jpg 768w, https:\/\/unez.edu.mx\/wp-content\/uploads\/2021\/09\/BOTON-PDF-672x372.jpg 672w, https:\/\/unez.edu.mx\/wp-content\/uploads\/2021\/09\/BOTON-PDF.jpg 1280w\" sizes=\"auto, (max-width: 77px) 100vw, 77px\" \/><\/a><\/p>\n<p><strong><em>Art\u00edculo 2. <\/em><em>Edificaci\u00f3n del yo f\u00edlmico en el cine de Alejandro Jodorowsky<\/em><\/strong><\/p>\n<p>Er\u00e9ndira Rebeca Villanueva Chavarr\u00eda<\/p>\n<p><a href=\"http:\/\/www.unez.edu.mx\/revistas\/2022\/ej2022\/2_edificacion_del_yo.pdf\" target=\"_blank\" rel=\"noopener\"><img loading=\"lazy\" decoding=\"async\" class=\"alignnone wp-image-26878\" src=\"https:\/\/unez.edu.mx\/wp-content\/uploads\/2021\/09\/BOTON-PDF-300x169.jpg\" alt=\"\" width=\"77\" height=\"43\" srcset=\"https:\/\/unez.edu.mx\/wp-content\/uploads\/2021\/09\/BOTON-PDF-300x169.jpg 300w, https:\/\/unez.edu.mx\/wp-content\/uploads\/2021\/09\/BOTON-PDF-1024x576.jpg 1024w, https:\/\/unez.edu.mx\/wp-content\/uploads\/2021\/09\/BOTON-PDF-768x432.jpg 768w, https:\/\/unez.edu.mx\/wp-content\/uploads\/2021\/09\/BOTON-PDF-672x372.jpg 672w, https:\/\/unez.edu.mx\/wp-content\/uploads\/2021\/09\/BOTON-PDF.jpg 1280w\" sizes=\"auto, (max-width: 77px) 100vw, 77px\" \/><\/a><\/p>\n<p><strong><em>Art\u00edculo 3<\/em>. <em>Adolescencia y sexualidad: Un abordaje sobre el papel del adolescente frente a la identidad de g\u00e9nero<\/em><\/strong><\/p>\n<p>Ronaldo Hern\u00e1ndez Trist\u00e1n y Laura Karina Castro Saucedo<\/p>\n<p><a href=\"http:\/\/www.unez.edu.mx\/revistas\/2022\/ej2022\/3_identidad_genero.pdf\" target=\"_blank\" rel=\"noopener\"><img loading=\"lazy\" decoding=\"async\" class=\"alignnone wp-image-26878\" src=\"https:\/\/unez.edu.mx\/wp-content\/uploads\/2021\/09\/BOTON-PDF-300x169.jpg\" alt=\"\" width=\"77\" height=\"43\" srcset=\"https:\/\/unez.edu.mx\/wp-content\/uploads\/2021\/09\/BOTON-PDF-300x169.jpg 300w, https:\/\/unez.edu.mx\/wp-content\/uploads\/2021\/09\/BOTON-PDF-1024x576.jpg 1024w, https:\/\/unez.edu.mx\/wp-content\/uploads\/2021\/09\/BOTON-PDF-768x432.jpg 768w, https:\/\/unez.edu.mx\/wp-content\/uploads\/2021\/09\/BOTON-PDF-672x372.jpg 672w, https:\/\/unez.edu.mx\/wp-content\/uploads\/2021\/09\/BOTON-PDF.jpg 1280w\" sizes=\"auto, (max-width: 77px) 100vw, 77px\" \/><\/a><\/p>\n<p><strong><em>Art\u00edculo 4. <\/em><em>Expresiones de la espiritualidad y competencias emocionales en adolescentes de 12 a 16 a\u00f1os y su relaci\u00f3n con la disposici\u00f3n a la delincuencia en la secundaria No. 5, en Saltillo, Coahuila <\/em><em>&nbsp;<\/em><\/strong><\/p>\n<p>Laura Karina Castro Saucedo y Carmen Paola Silva Silva<\/p>\n<p><a href=\"http:\/\/www.unez.edu.mx\/revistas\/2022\/ej2022\/4_espiritualidad.pdf\" target=\"_blank\" rel=\"noopener\"><img loading=\"lazy\" decoding=\"async\" class=\"alignnone wp-image-26878\" src=\"https:\/\/unez.edu.mx\/wp-content\/uploads\/2021\/09\/BOTON-PDF-300x169.jpg\" alt=\"\" width=\"77\" height=\"43\" srcset=\"https:\/\/unez.edu.mx\/wp-content\/uploads\/2021\/09\/BOTON-PDF-300x169.jpg 300w, https:\/\/unez.edu.mx\/wp-content\/uploads\/2021\/09\/BOTON-PDF-1024x576.jpg 1024w, https:\/\/unez.edu.mx\/wp-content\/uploads\/2021\/09\/BOTON-PDF-768x432.jpg 768w, https:\/\/unez.edu.mx\/wp-content\/uploads\/2021\/09\/BOTON-PDF-672x372.jpg 672w, https:\/\/unez.edu.mx\/wp-content\/uploads\/2021\/09\/BOTON-PDF.jpg 1280w\" sizes=\"auto, (max-width: 77px) 100vw, 77px\" \/><\/a><\/p>\n<p><strong><em>Art\u00edculo 5. <\/em><em>La esencia de la enfermer\u00eda<\/em><\/strong><\/p>\n<p>Krizia Yamile Alcocer Garay<\/p>\n<p><a href=\"http:\/\/www.unez.edu.mx\/revistas\/2022\/ej2022\/5_enfermeria.pdf\" target=\"_blank\" rel=\"noopener\"><img loading=\"lazy\" decoding=\"async\" class=\"alignnone wp-image-26878\" src=\"https:\/\/unez.edu.mx\/wp-content\/uploads\/2021\/09\/BOTON-PDF-300x169.jpg\" alt=\"\" width=\"77\" height=\"43\" srcset=\"https:\/\/unez.edu.mx\/wp-content\/uploads\/2021\/09\/BOTON-PDF-300x169.jpg 300w, https:\/\/unez.edu.mx\/wp-content\/uploads\/2021\/09\/BOTON-PDF-1024x576.jpg 1024w, https:\/\/unez.edu.mx\/wp-content\/uploads\/2021\/09\/BOTON-PDF-768x432.jpg 768w, https:\/\/unez.edu.mx\/wp-content\/uploads\/2021\/09\/BOTON-PDF-672x372.jpg 672w, https:\/\/unez.edu.mx\/wp-content\/uploads\/2021\/09\/BOTON-PDF.jpg 1280w\" sizes=\"auto, (max-width: 77px) 100vw, 77px\" \/><\/a><\/p>\n<p><strong><em>Art\u00edculo 6. <\/em><em>Adicciones en j\u00f3venes y la importancia de la familia para generar prevenci\u00f3n. Entrevista con el Dr. Narciso Solares Rojas<\/em><\/strong><\/p>\n<p>Edgar Alejandro Castillo Mart\u00ednez<\/p>\n<p><a href=\"http:\/\/www.unez.edu.mx\/revistas\/2022\/ej2022\/6_entrevista.pdf\" target=\"_blank\" rel=\"noopener\"><img loading=\"lazy\" decoding=\"async\" class=\"alignnone wp-image-26878\" src=\"https:\/\/unez.edu.mx\/wp-content\/uploads\/2021\/09\/BOTON-PDF-300x169.jpg\" alt=\"\" width=\"77\" height=\"43\" srcset=\"https:\/\/unez.edu.mx\/wp-content\/uploads\/2021\/09\/BOTON-PDF-300x169.jpg 300w, https:\/\/unez.edu.mx\/wp-content\/uploads\/2021\/09\/BOTON-PDF-1024x576.jpg 1024w, https:\/\/unez.edu.mx\/wp-content\/uploads\/2021\/09\/BOTON-PDF-768x432.jpg 768w, https:\/\/unez.edu.mx\/wp-content\/uploads\/2021\/09\/BOTON-PDF-672x372.jpg 672w, https:\/\/unez.edu.mx\/wp-content\/uploads\/2021\/09\/BOTON-PDF.jpg 1280w\" sizes=\"auto, (max-width: 77px) 100vw, 77px\" \/><\/a><\/p>\n<h5 style=\"text-align: center;\">Ser culto, para ser libre<\/h5>\n","protected":false},"excerpt":{"rendered":"<p>La Universidad Emiliano Zapata, con una perspectiva cr\u00edtica y de compromiso social, crea el espacio de&nbsp;Vestigium. Apuntes universitarios, abierta a&#8230;<\/p>\n","protected":false},"author":13,"featured_media":0,"parent":0,"menu_order":0,"comment_status":"closed","ping_status":"closed","template":"","meta":{"_joinchat":[],"footnotes":""},"class_list":["post-36384","page","type-page","status-publish","hentry"],"_links":{"self":[{"href":"https:\/\/unez.edu.mx\/index.php?rest_route=\/wp\/v2\/pages\/36384","targetHints":{"allow":["GET"]}}],"collection":[{"href":"https:\/\/unez.edu.mx\/index.php?rest_route=\/wp\/v2\/pages"}],"about":[{"href":"https:\/\/unez.edu.mx\/index.php?rest_route=\/wp\/v2\/types\/page"}],"author":[{"embeddable":true,"href":"https:\/\/unez.edu.mx\/index.php?rest_route=\/wp\/v2\/users\/13"}],"replies":[{"embeddable":true,"href":"https:\/\/unez.edu.mx\/index.php?rest_route=%2Fwp%2Fv2%2Fcomments&post=36384"}],"version-history":[{"count":16,"href":"https:\/\/unez.edu.mx\/index.php?rest_route=\/wp\/v2\/pages\/36384\/revisions"}],"predecessor-version":[{"id":45561,"href":"https:\/\/unez.edu.mx\/index.php?rest_route=\/wp\/v2\/pages\/36384\/revisions\/45561"}],"wp:attachment":[{"href":"https:\/\/unez.edu.mx\/index.php?rest_route=%2Fwp%2Fv2%2Fmedia&parent=36384"}],"curies":[{"name":"wp","href":"https:\/\/api.w.org\/{rel}","templated":true}]}}

<p><img loading="lazy" decoding="async" class=" wp-image-11303 aligncenter" src="https://unez.edu.mx/wp-content/uploads/2017/04/UEZ-final-400-239x300.png" alt="" width="166" height="208" srcset="https://unez.edu.mx/wp-content/uploads/2017/04/UEZ-final-400-239x300.png 239w, https://unez.edu.mx/wp-content/uploads/2017/04/UEZ-final-400.png 400w" sizes="auto, (max-width: 166px) 100vw, 166px" /></p>
<p style="text-align: justify; background: white; margin: 0cm 0cm 17.05pt 0cm;"><span style="color: #000000;"><em><span style="font-size: 14.5pt; font-family: 'Source Sans Pro', sans-serif;">La Universidad Emiliano Zapata, con una perspectiva crítica y de compromiso social, crea el espacio de</span></em><span style="box-sizing: border-box;"><span style="font-size: 14.5pt; font-family: 'Source Sans Pro', sans-serif;">&nbsp;<strong style="box-sizing: border-box;"><span style="font-family: 'Source Sans Pro',sans-serif;">Vestigium. Apuntes universitarios</span></strong><em style="box-sizing: border-box;"><span style="font-family: 'Source Sans Pro',sans-serif;">, abierta a docentes, académicos, investigadores, que estén interesados en divulgar sus aportaciones al campo del conocimiento desde distintas áreas.</span></em></span></span></span></p>
<p style="text-align: justify; background: white; box-sizing: border-box; font-variant-ligatures: normal; font-variant-caps: normal; orphans: 2; widows: 2; -webkit-text-stroke-width: 0px; word-spacing: 0px; margin: 0cm 0cm 17.05pt;"><span style="color: #000000;"><em style="box-sizing: border-box;"><span style="box-sizing: border-box;"><span style="font-size: 14.5pt; font-family: 'Source Sans Pro', sans-serif;">La publicación es una revista multidisciplinaria, cuya intención es difundir investigaciones, reflexiones, artículos, reseñas, comentarios, etc., para estudiar diferentes aspectos de la complejidad humana.</span></span></em></span></p>
<hr>
<hr>
<p><img loading="lazy" decoding="async" class="alignnone size-medium wp-image-45549" src="https://unez.edu.mx/wp-content/uploads/2022/09/Portada-Vestigium-244x300.jpg" alt="" width="244" height="300" srcset="https://unez.edu.mx/wp-content/uploads/2022/09/Portada-Vestigium-244x300.jpg 244w, https://unez.edu.mx/wp-content/uploads/2022/09/Portada-Vestigium.jpg 681w" sizes="auto, (max-width: 244px) 100vw, 244px" /></p>
<p><span style="color: #000000;">Número actual: <em>Año 3, No. 1, enero-junio del 2022</em>&nbsp;Publicado: 2022-09-22. Número completo.</span></p>
<p><a href="http://www.unez.edu.mx/revistas/2022/ej2022/edicion_completa.pdf" target="_blank" rel="noopener"><img loading="lazy" decoding="async" class="alignnone wp-image-26878" src="https://unez.edu.mx/wp-content/uploads/2021/09/BOTON-PDF-300x169.jpg" alt="" width="77" height="43" srcset="https://unez.edu.mx/wp-content/uploads/2021/09/BOTON-PDF-300x169.jpg 300w, https://unez.edu.mx/wp-content/uploads/2021/09/BOTON-PDF-1024x576.jpg 1024w, https://unez.edu.mx/wp-content/uploads/2021/09/BOTON-PDF-768x432.jpg 768w, https://unez.edu.mx/wp-content/uploads/2021/09/BOTON-PDF-672x372.jpg 672w, https://unez.edu.mx/wp-content/uploads/2021/09/BOTON-PDF.jpg 1280w" sizes="auto, (max-width: 77px) 100vw, 77px" /></a></p>
<p><strong><em>Artículo 1. </em><em>Significante y significado. Sobre una anécdota freudiana</em> <em>&nbsp;</em></strong></p>
<p>Ivon Monserrat Alvarado García</p>
<p><a href="http://www.unez.edu.mx/revistas/2022/ej2022/1_significante.pdf" target="_blank" rel="noopener"><img loading="lazy" decoding="async" class="alignnone wp-image-26878" src="https://unez.edu.mx/wp-content/uploads/2021/09/BOTON-PDF-300x169.jpg" alt="" width="77" height="43" srcset="https://unez.edu.mx/wp-content/uploads/2021/09/BOTON-PDF-300x169.jpg 300w, https://unez.edu.mx/wp-content/uploads/2021/09/BOTON-PDF-1024x576.jpg 1024w, https://unez.edu.mx/wp-content/uploads/2021/09/BOTON-PDF-768x432.jpg 768w, https://unez.edu.mx/wp-content/uploads/2021/09/BOTON-PDF-672x372.jpg 672w, https://unez.edu.mx/wp-content/uploads/2021/09/BOTON-PDF.jpg 1280w" sizes="auto, (max-width: 77px) 100vw, 77px" /></a></p>
<p><strong><em>Artículo 2. </em><em>Edificación del yo fílmico en el cine de Alejandro Jodorowsky</em></strong></p>
<p>Eréndira Rebeca Villanueva Chavarría</p>
<p><a href="http://www.unez.edu.mx/revistas/2022/ej2022/2_edificacion_del_yo.pdf" target="_blank" rel="noopener"><img loading="lazy" decoding="async" class="alignnone wp-image-26878" src="https://unez.edu.mx/wp-content/uploads/2021/09/BOTON-PDF-300x169.jpg" alt="" width="77" height="43" srcset="https://unez.edu.mx/wp-content/uploads/2021/09/BOTON-PDF-300x169.jpg 300w, https://unez.edu.mx/wp-content/uploads/2021/09/BOTON-PDF-1024x576.jpg 1024w, https://unez.edu.mx/wp-content/uploads/2021/09/BOTON-PDF-768x432.jpg 768w, https://unez.edu.mx/wp-content/uploads/2021/09/BOTON-PDF-672x372.jpg 672w, https://unez.edu.mx/wp-content/uploads/2021/09/BOTON-PDF.jpg 1280w" sizes="auto, (max-width: 77px) 100vw, 77px" /></a></p>
<p><strong><em>Artículo 3</em>. <em>Adolescencia y sexualidad: Un abordaje sobre el papel del adolescente frente a la identidad de género</em></strong></p>
<p>Ronaldo Hernández Tristán y Laura Karina Castro Saucedo</p>
<p><a href="http://www.unez.edu.mx/revistas/2022/ej2022/3_identidad_genero.pdf" target="_blank" rel="noopener"><img loading="lazy" decoding="async" class="alignnone wp-image-26878" src="https://unez.edu.mx/wp-content/uploads/2021/09/BOTON-PDF-300x169.jpg" alt="" width="77" height="43" srcset="https://unez.edu.mx/wp-content/uploads/2021/09/BOTON-PDF-300x169.jpg 300w, https://unez.edu.mx/wp-content/uploads/2021/09/BOTON-PDF-1024x576.jpg 1024w, https://unez.edu.mx/wp-content/uploads/2021/09/BOTON-PDF-768x432.jpg 768w, https://unez.edu.mx/wp-content/uploads/2021/09/BOTON-PDF-672x372.jpg 672w, https://unez.edu.mx/wp-content/uploads/2021/09/BOTON-PDF.jpg 1280w" sizes="auto, (max-width: 77px) 100vw, 77px" /></a></p>
<p><strong><em>Artículo 4. </em><em>Expresiones de la espiritualidad y competencias emocionales en adolescentes de 12 a 16 años y su relación con la disposición a la delincuencia en la secundaria No. 5, en Saltillo, Coahuila </em><em>&nbsp;</em></strong></p>
<p>Laura Karina Castro Saucedo y Carmen Paola Silva Silva</p>
<p><a href="http://www.unez.edu.mx/revistas/2022/ej2022/4_espiritualidad.pdf" target="_blank" rel="noopener"><img loading="lazy" decoding="async" class="alignnone wp-image-26878" src="https://unez.edu.mx/wp-content/uploads/2021/09/BOTON-PDF-300x169.jpg" alt="" width="77" height="43" srcset="https://unez.edu.mx/wp-content/uploads/2021/09/BOTON-PDF-300x169.jpg 300w, https://unez.edu.mx/wp-content/uploads/2021/09/BOTON-PDF-1024x576.jpg 1024w, https://unez.edu.mx/wp-content/uploads/2021/09/BOTON-PDF-768x432.jpg 768w, https://unez.edu.mx/wp-content/uploads/2021/09/BOTON-PDF-672x372.jpg 672w, https://unez.edu.mx/wp-content/uploads/2021/09/BOTON-PDF.jpg 1280w" sizes="auto, (max-width: 77px) 100vw, 77px" /></a></p>
<p><strong><em>Artículo 5. </em><em>La esencia de la enfermería</em></strong></p>
<p>Krizia Yamile Alcocer Garay</p>
<p><a href="http://www.unez.edu.mx/revistas/2022/ej2022/5_enfermeria.pdf" target="_blank" rel="noopener"><img loading="lazy" decoding="async" class="alignnone wp-image-26878" src="https://unez.edu.mx/wp-content/uploads/2021/09/BOTON-PDF-300x169.jpg" alt="" width="77" height="43" srcset="https://unez.edu.mx/wp-content/uploads/2021/09/BOTON-PDF-300x169.jpg 300w, https://unez.edu.mx/wp-content/uploads/2021/09/BOTON-PDF-1024x576.jpg 1024w, https://unez.edu.mx/wp-content/uploads/2021/09/BOTON-PDF-768x432.jpg 768w, https://unez.edu.mx/wp-content/uploads/2021/09/BOTON-PDF-672x372.jpg 672w, https://unez.edu.mx/wp-content/uploads/2021/09/BOTON-PDF.jpg 1280w" sizes="auto, (max-width: 77px) 100vw, 77px" /></a></p>
<p><strong><em>Artículo 6. </em><em>Adicciones en jóvenes y la importancia de la familia para generar prevención. Entrevista con el Dr. Narciso Solares Rojas</em></strong></p>
<p>Edgar Alejandro Castillo Martínez</p>
<p><a href="http://www.unez.edu.mx/revistas/2022/ej2022/6_entrevista.pdf" target="_blank" rel="noopener"><img loading="lazy" decoding="async" class="alignnone wp-image-26878" src="https://unez.edu.mx/wp-content/uploads/2021/09/BOTON-PDF-300x169.jpg" alt="" width="77" height="43" srcset="https://unez.edu.mx/wp-content/uploads/2021/09/BOTON-PDF-300x169.jpg 300w, https://unez.edu.mx/wp-content/uploads/2021/09/BOTON-PDF-1024x576.jpg 1024w, https://unez.edu.mx/wp-content/uploads/2021/09/BOTON-PDF-768x432.jpg 768w, https://unez.edu.mx/wp-content/uploads/2021/09/BOTON-PDF-672x372.jpg 672w, https://unez.edu.mx/wp-content/uploads/2021/09/BOTON-PDF.jpg 1280w" sizes="auto, (max-width: 77px) 100vw, 77px" /></a></p>
<h5 style="text-align: center;">Ser culto, para ser libre</h5>

<p>La Universidad Emiliano Zapata, con una perspectiva crítica y de compromiso social, crea el espacio de&nbsp;Vestigium. Apuntes universitarios, abierta a&#8230;</p>
