
{"id":14091,"date":"2020-12-22T14:52:37","date_gmt":"2020-12-22T20:52:37","guid":{"rendered":"https:\/\/unez.edu.mx\/?page_id=14091"},"modified":"2020-12-22T16:10:59","modified_gmt":"2020-12-22T22:10:59","slug":"nuevo-ingreso","status":"publish","type":"page","link":"https:\/\/unez.edu.mx\/?page_id=14091","title":{"rendered":"Nuevo Ingreso"},"content":{"rendered":"<p>Buen d\u00eda.<\/p>\n<p>\u00a1A nombre de la Universidad Emiliano Zapata te damos la m\u00e1s cordial bienvenida!<\/p>\n<p>Con tu dedicaci\u00f3n y a trav\u00e9s de la carrera que elegiste, podr\u00e1s construir las competencias de alto nivel en tu preparaci\u00f3n profesional, as\u00ed como el compromiso con la soluci\u00f3n de las necesidades sociales m\u00e1s importantes de M\u00e9xico y el mundo. \u00a1Enhorabuena!<\/p>\n<p>Ahora para prepararte para el inicio de tu nuevo ciclo, te compartimos informaci\u00f3n importante:<\/p>\n<h5 style=\"text-align: center;\"><strong>Atenci\u00f3n:&nbsp; &nbsp; <img loading=\"lazy\" decoding=\"async\" class=\"wp-image-14098 alignright\" src=\"https:\/\/unez.edu.mx\/wp-content\/uploads\/2020\/12\/ticket-229x300.jpg\" alt=\"\" width=\"184\" height=\"241\" srcset=\"https:\/\/unez.edu.mx\/wp-content\/uploads\/2020\/12\/ticket-229x300.jpg 229w, https:\/\/unez.edu.mx\/wp-content\/uploads\/2020\/12\/ticket.jpg 442w\" sizes=\"auto, (max-width: 184px) 100vw, 184px\" \/><\/strong><\/h5>\n<p>Dado que estamos trabajando a distancia, deber\u00e1s conocer el proceso de Tickets, mediante el cual ser\u00e1s atendido por el departamento que necesites.<\/p>\n<p><strong>Es muy importante que descargues y sigas las indicaciones de este instructivo con detenimiento: <\/strong><span style=\"color: #0000ff;\"><a style=\"color: #0000ff;\" href=\"https:\/\/www.unez.edu.mx\/formatos\/2020\/instructivo_ticket.pdf\"><strong>https:\/\/www.unez.edu.mx\/formatos\/2020\/instructivo_ticket.pdf<\/strong><\/a><\/span><strong> Ya que con esta gu\u00eda puedes generar y dar seguimiento a tus solicitudes para garantizar tu atenci\u00f3n.&nbsp;&nbsp; <\/strong><\/p>\n<p>&nbsp;<\/p>\n<h5 style=\"text-align: center;\"><strong>Calendario de ex\u00e1menes de ubicaci\u00f3n y diagn\u00f3stico:<\/strong><\/h5>\n<p>Ubica tu carrera y as\u00ed conocer\u00e1s el d\u00eda en que presentar\u00e1s tu examen. Te enviaremos tu usuario y contrase\u00f1a al correo que registraste, as\u00ed como el horario asignado y la informaci\u00f3n b\u00e1sica de c\u00f3mo se llevar\u00e1 a cabo el proceso del examen. El examen ser\u00e1 en l\u00ednea, por Teams.<\/p>\n<p><img loading=\"lazy\" decoding=\"async\" class=\"size-medium wp-image-14106 alignleft\" src=\"https:\/\/unez.edu.mx\/wp-content\/uploads\/2020\/12\/test2-300x247.jpg\" alt=\"\" width=\"300\" height=\"247\" srcset=\"https:\/\/unez.edu.mx\/wp-content\/uploads\/2020\/12\/test2-300x247.jpg 300w, https:\/\/unez.edu.mx\/wp-content\/uploads\/2020\/12\/test2.jpg 496w\" sizes=\"auto, (max-width: 300px) 100vw, 300px\" \/><\/p>\n<table>\n<tbody>\n<tr>\n<td><strong>Martes 5 de enero, 2021<\/strong><\/td>\n<td width=\"318\">Licenciatura en Administraci\u00f3n de Empresas<\/td>\n<td width=\"173\">10:00 hrs, 15:00 hrs y 19:00 hrs<\/td>\n<\/tr>\n<tr>\n<td><strong>Martes 5 de enero, 2021<\/strong><\/td>\n<td width=\"318\">Licenciatura en Banca y Finanzas<\/td>\n<td width=\"173\">10:00 hrs, 15:00 hrs y 19:00 hrs.<\/td>\n<\/tr>\n<tr>\n<td><strong>Martes 5 de enero, 2021<\/strong><\/td>\n<td width=\"318\">Contador P\u00fablico<\/td>\n<td width=\"173\">10:00 hrs, 15:00 hrs y 19:00 hrs.<\/td>\n<\/tr>\n<tr>\n<td><strong>Martes 5 de enero, 2021<\/strong><\/td>\n<td width=\"318\">Licenciatura en Educaci\u00f3n Inicial y Preescolar<\/td>\n<td width=\"173\">19:00 hrs.<\/td>\n<\/tr>\n<\/tbody>\n<\/table>\n<p>&nbsp;<\/p>\n<p><img loading=\"lazy\" decoding=\"async\" class=\"size-medium wp-image-14104 alignleft\" src=\"https:\/\/unez.edu.mx\/wp-content\/uploads\/2020\/12\/test-300x210.jpg\" alt=\"\" width=\"300\" height=\"210\" srcset=\"https:\/\/unez.edu.mx\/wp-content\/uploads\/2020\/12\/test-300x210.jpg 300w, https:\/\/unez.edu.mx\/wp-content\/uploads\/2020\/12\/test.jpg 444w\" sizes=\"auto, (max-width: 300px) 100vw, 300px\" \/><\/p>\n<table>\n<tbody>\n<tr>\n<td><strong>Mi\u00e9rcoles 6 de enero, 2021<\/strong><\/td>\n<td width=\"318\">Licenciatura en Psicolog\u00eda y Neurociencias<\/td>\n<td width=\"173\">10:00 hrs, 15:00 hrs y 19:00 hrs<\/td>\n<\/tr>\n<tr>\n<td><strong>Mi\u00e9rcoles 6 de enero, 2021<\/strong><\/td>\n<td width=\"318\">Licenciatura en Trabajo Social y Comunitario<\/td>\n<td width=\"173\">10:00 hrs, 15:00 hrs.<\/td>\n<\/tr>\n<tr>\n<td><strong>Mi\u00e9rcoles 6 de enero, 2021<\/strong><\/td>\n<td width=\"318\">Ingenier\u00eda en Sistemas Computacionales<\/td>\n<td width=\"173\">15:00 hrs y 19:00 hrs.<\/td>\n<\/tr>\n<\/tbody>\n<\/table>\n<p>&nbsp;<\/p>\n<p>&nbsp;<\/p>\n<p><img loading=\"lazy\" decoding=\"async\" class=\"size-medium wp-image-14106 alignleft\" src=\"https:\/\/unez.edu.mx\/wp-content\/uploads\/2020\/12\/test2-300x247.jpg\" alt=\"\" width=\"300\" height=\"247\" srcset=\"https:\/\/unez.edu.mx\/wp-content\/uploads\/2020\/12\/test2-300x247.jpg 300w, https:\/\/unez.edu.mx\/wp-content\/uploads\/2020\/12\/test2.jpg 496w\" sizes=\"auto, (max-width: 300px) 100vw, 300px\" \/><\/p>\n<table>\n<tbody>\n<tr>\n<td style=\"text-align: left;\"><strong>Jueves 7 de enero, 2021<\/strong><\/td>\n<td style=\"text-align: left;\" width=\"318\">Ingenier\u00eda en Dise\u00f1o Industrial e Innovaci\u00f3n Tecnol\u00f3gica<\/td>\n<td style=\"text-align: left;\" width=\"173\">15:00 hrs y 19:00 hrs<\/td>\n<\/tr>\n<tr>\n<td><strong>Jueves 7 de enero, 2021<\/strong><\/td>\n<td width=\"318\">Ingenier\u00eda Industrial y de Logistica<\/td>\n<td width=\"173\">15:00 hrs y 19:00 hrs<\/td>\n<\/tr>\n<tr>\n<td><strong>Jueves 7 de enero, 2021<\/strong><\/td>\n<td width=\"318\">Ingenier\u00eda en Mecatr\u00f3nica<\/td>\n<td width=\"173\">15:00 hrs y 19:00 hrs.<\/td>\n<\/tr>\n<tr>\n<td style=\"text-align: left;\"><strong>Jueves 7 de enero, 2021<\/strong><\/td>\n<td style=\"text-align: left;\" width=\"318\">Ingeniero Arquitecto<\/td>\n<td style=\"text-align: left;\" width=\"173\">15:00 hrs y 19:00 hrs.<\/td>\n<\/tr>\n<\/tbody>\n<\/table>\n<p style=\"text-align: center;\"><strong>&nbsp;<\/strong><\/p>\n<h5 style=\"text-align: center;\"><strong>C<\/strong><strong>lases:<img loading=\"lazy\" decoding=\"async\" class=\" wp-image-14107 alignright\" src=\"https:\/\/unez.edu.mx\/wp-content\/uploads\/2020\/12\/tutorial-300x249.jpg\" alt=\"\" width=\"254\" height=\"211\" srcset=\"https:\/\/unez.edu.mx\/wp-content\/uploads\/2020\/12\/tutorial-300x249.jpg 300w, https:\/\/unez.edu.mx\/wp-content\/uploads\/2020\/12\/tutorial.jpg 625w\" sizes=\"auto, (max-width: 254px) 100vw, 254px\" \/><\/strong><\/h5>\n<p>Las clases ser\u00e1n en l\u00ednea por Teams. <strong>Tu usuario y contrase\u00f1a de Teams se te enviar\u00e1 por correo antes del 5 de enero, 2021.<\/strong> Para prepararte es importante que revises los tutoriales en la siguiente liga:<span style=\"color: #0000ff;\"> <a style=\"color: #0000ff;\" href=\"https:\/\/unez.edu.mx\/?page_id=12898\">https:\/\/unez.edu.mx\/?page_id=12898<\/a><\/span><\/p>\n<p><strong>IMPORTANTE: Para recibir ayuda con alg\u00fan inconveniente con Teams escribe en: <\/strong><span style=\"color: #0000ff;\"><a style=\"color: #0000ff;\" href=\"https:\/\/www.unez.edu.mx\/soporte\/index.php?a=add&amp;category=4\"><strong>https:\/\/www.unez.edu.mx\/soporte\/index.php?a=add&amp;category=4<\/strong><\/a><\/span><\/p>\n<p><strong>El inicio de clases ser\u00e1 el 11 de enero, 2021.<\/strong><\/p>\n<p><strong>&nbsp;<\/strong><\/p>\n<h5 style=\"text-align: center;\"><strong>Horario de Clases:<\/strong><\/h5>\n<p><img loading=\"lazy\" decoding=\"async\" class=\" wp-image-14108 alignleft\" src=\"https:\/\/unez.edu.mx\/wp-content\/uploads\/2020\/12\/horario-300x108.jpg\" alt=\"\" width=\"267\" height=\"96\" srcset=\"https:\/\/unez.edu.mx\/wp-content\/uploads\/2020\/12\/horario-300x108.jpg 300w, https:\/\/unez.edu.mx\/wp-content\/uploads\/2020\/12\/horario.jpg 617w\" sizes=\"auto, (max-width: 267px) 100vw, 267px\" \/>En el siguiente Link podr\u00e1s consultar tu horario de clases:<span style=\"color: #0000ff;\"> <a style=\"color: #0000ff;\" href=\"https:\/\/unez.edupage.org\/timetable\/\">https:\/\/unez.edupage.org\/timetable\/<\/a> <\/span>Este se generar\u00e1 y estar\u00e1 listo para tu consulta un d\u00eda antes del inicio de clases, es decir el 10 de enero, 2021 (en este momento no existe ah\u00ed informaci\u00f3n de tu horario).<\/p>\n<p>&nbsp;<\/p>\n<h5 style=\"text-align: center;\"><strong>Pago en l\u00ednea:<\/strong><\/h5>\n<h5 style=\"text-align: center;\"><strong><img loading=\"lazy\" decoding=\"async\" class=\"wp-image-14109 alignright\" src=\"https:\/\/unez.edu.mx\/wp-content\/uploads\/2020\/12\/pago-300x212.jpg\" alt=\"\" width=\"155\" height=\"109\" srcset=\"https:\/\/unez.edu.mx\/wp-content\/uploads\/2020\/12\/pago-300x212.jpg 300w, https:\/\/unez.edu.mx\/wp-content\/uploads\/2020\/12\/pago.jpg 715w\" sizes=\"auto, (max-width: 155px) 100vw, 155px\" \/><\/strong><\/h5>\n<p>Para ayudarte a realizar el pago en l\u00ednea sigue esta gu\u00eda. <span style=\"color: #0000ff;\"><a style=\"color: #0000ff;\" href=\"https:\/\/www.unez.edu.mx\/formatos\/2020\/formas_de_pago_2020.pdf\">https:\/\/www.unez.edu.mx\/formatos\/2020\/formas_de_pago_2020.pdf<\/a><\/span><\/p>\n<p>&nbsp;<\/p>\n<p>&nbsp;<\/p>\n<h5 style=\"text-align: center;\"><strong>Becas disponibles a partir de tu reinscripci\u00f3n:<\/strong><\/h5>\n<p><img loading=\"lazy\" decoding=\"async\" class=\"size-medium wp-image-14110 alignleft\" src=\"https:\/\/unez.edu.mx\/wp-content\/uploads\/2020\/12\/beca-300x272.jpg\" alt=\"\" width=\"300\" height=\"272\" srcset=\"https:\/\/unez.edu.mx\/wp-content\/uploads\/2020\/12\/beca-300x272.jpg 300w, https:\/\/unez.edu.mx\/wp-content\/uploads\/2020\/12\/beca.jpg 368w\" sizes=\"auto, (max-width: 300px) 100vw, 300px\" \/>BECAS POR PROMEDIO:<\/p>\n<p>Es importante incentivar la cultura del esfuerzo, conscientes de que este valor es indispensable para el mejor desarrollo del talento y potencial de nuestros alumnos.<\/p>\n<ul>\n<li>Beca de cuotas escolares del 100%. Nuestros estudiantes con calificaci\u00f3n de 95 a 100 quedar\u00e1n totalmente exentos del pago de reinscripci\u00f3n y mensualidades.<\/li>\n<\/ul>\n<ul>\n<li>Beca de cuotas escolares del 50%. Nuestros estudiantes con calificaci\u00f3n de 90 a 94.9 pagar\u00e1n \u00fanicamente el 50% del pago de reinscripci\u00f3n y mensualidades.<\/li>\n<\/ul>\n<p>Como requisito para obtener estas becas por promedio, el alumno debi\u00f3 haber cursado el 1er tetramestre o semestre del plan de estudios en la UNEZ y acreditado todas las materias en primera oportunidad.<\/p>\n<p>BECAS POR BAJOS RECURSOS:<img loading=\"lazy\" decoding=\"async\" class=\"size-medium wp-image-14110 alignright\" src=\"https:\/\/unez.edu.mx\/wp-content\/uploads\/2020\/12\/beca-300x272.jpg\" alt=\"\" width=\"300\" height=\"272\" srcset=\"https:\/\/unez.edu.mx\/wp-content\/uploads\/2020\/12\/beca-300x272.jpg 300w, https:\/\/unez.edu.mx\/wp-content\/uploads\/2020\/12\/beca.jpg 368w\" sizes=\"auto, (max-width: 300px) 100vw, 300px\" \/><\/p>\n<p>Estas becas se mantienen para apoyar a nuestros alumnos cuya situaci\u00f3n econ\u00f3mica no les permita cubrir los costos de una carrera universitaria. Para obtener este apoyo que consiste en una beca de hasta el 50%, el alumno deber\u00e1 acreditar que no tiene materias pendientes por cursar en tercera oportunidad y presentar la solicitud de beca, dentro del per\u00edodo comprendido del 28 de noviembre al 15 de diciembre de 2020 en el siguiente Link:&nbsp;&nbsp;&nbsp;<span style=\"color: #0000ff;\"><a style=\"color: #0000ff;\" href=\"https:\/\/unez.edu.mx\/soporte\/index.php?a=add&amp;category=12\">https:\/\/unez.edu.mx\/soporte\/index.php?a=add&amp;category=12<\/a><\/span><\/p>\n<p>Despu\u00e9s de haber realizado el estudio socioecon\u00f3mico y de dictaminar las condiciones del solicitante se le informar\u00e1 si fue denegada o autorizada con el porcentaje de beca correspondiente.<\/p>\n<p>&nbsp;<\/p>\n<h5><\/h5>\n<h5 style=\"text-align: center;\"><strong>La informaci\u00f3n anterior te ser\u00e1 de mucha utilidad. Es importante que la leas con detenimiento y la aproveches para tu beneficio. <\/strong><\/h5>\n<p>Finalmente, y en honor a nuestro lema, reiteramos nuestro compromiso de formar hombres y mujeres cultos, con una alta calidad en la educaci\u00f3n y un amplio sentido humano.&nbsp; Deseamos adem\u00e1s que pases felices fiestas y que este 2021 sea un a\u00f1o de grandes realizaciones para la gran comunidad #UNEZ, de la que hoy ya eres parte importante.<\/p>\n<p>Universidad Emiliano Zapata, ser culto para ser libre.<\/p>\n","protected":false},"excerpt":{"rendered":"<p>Buen d\u00eda. \u00a1A nombre de la Universidad Emiliano Zapata te damos la m\u00e1s cordial bienvenida! Con tu dedicaci\u00f3n y a&#8230;<\/p>\n","protected":false},"author":3,"featured_media":0,"parent":0,"menu_order":0,"comment_status":"closed","ping_status":"closed","template":"","meta":{"_joinchat":[],"footnotes":""},"class_list":["post-14091","page","type-page","status-publish","hentry"],"_links":{"self":[{"href":"https:\/\/unez.edu.mx\/index.php?rest_route=\/wp\/v2\/pages\/14091","targetHints":{"allow":["GET"]}}],"collection":[{"href":"https:\/\/unez.edu.mx\/index.php?rest_route=\/wp\/v2\/pages"}],"about":[{"href":"https:\/\/unez.edu.mx\/index.php?rest_route=\/wp\/v2\/types\/page"}],"author":[{"embeddable":true,"href":"https:\/\/unez.edu.mx\/index.php?rest_route=\/wp\/v2\/users\/3"}],"replies":[{"embeddable":true,"href":"https:\/\/unez.edu.mx\/index.php?rest_route=%2Fwp%2Fv2%2Fcomments&post=14091"}],"version-history":[{"count":9,"href":"https:\/\/unez.edu.mx\/index.php?rest_route=\/wp\/v2\/pages\/14091\/revisions"}],"predecessor-version":[{"id":14116,"href":"https:\/\/unez.edu.mx\/index.php?rest_route=\/wp\/v2\/pages\/14091\/revisions\/14116"}],"wp:attachment":[{"href":"https:\/\/unez.edu.mx\/index.php?rest_route=%2Fwp%2Fv2%2Fmedia&parent=14091"}],"curies":[{"name":"wp","href":"https:\/\/api.w.org\/{rel}","templated":true}]}}