
{"id":12939,"date":"2020-08-03T14:18:27","date_gmt":"2020-08-03T20:18:27","guid":{"rendered":"https:\/\/unez.edu.mx\/?page_id=12939"},"modified":"2022-06-17T18:47:05","modified_gmt":"2022-06-18T00:47:05","slug":"moodle","status":"publish","type":"page","link":"https:\/\/unez.edu.mx\/?page_id=12939","title":{"rendered":"Horarios de examenes mayo &#8211; agosto 2022"},"content":{"rendered":"<h5 style=\"text-align: center;\">Horarios de examenes mayo &#8211; agosto 2022<\/h5>\n<p><img loading=\"lazy\" decoding=\"async\" class=\"size-full wp-image-36345 aligncenter\" src=\"https:\/\/unez.edu.mx\/wp-content\/uploads\/2022\/06\/examenes.jpg\" alt=\"\" width=\"300\" height=\"210\" \/><\/p>\n<h5>Para conocer los horarios de examenes del ciclo mayo &#8211; agosto 2022 da clic sobre la carrera que estudias.<\/h5>\n<p><strong><span style=\"color: #0000ff;\"><a style=\"color: #0000ff;\" href=\"https:\/\/www.unez.edu.mx\/examenes\/2022\/cp.pdf\">Contador P\u00fablico<\/a><\/span><\/strong><\/p>\n<p><strong><span style=\"color: #0000ff;\"><a style=\"color: #0000ff;\" href=\"https:\/\/www.unez.edu.mx\/examenes\/2022\/lae.pdf\">Licenciatura en Administraci\u00f3n de Empresas<\/a><\/span><\/strong><\/p>\n<p><strong><span style=\"color: #0000ff;\"><a style=\"color: #0000ff;\" href=\"https:\/\/www.unez.edu.mx\/examenes\/2022\/lbf.pdf\">Licenciatura en Banca y Finanzas<\/a><\/span><\/strong><\/p>\n<p><strong><span style=\"color: #0000ff;\"><a style=\"color: #0000ff;\" href=\"https:\/\/www.unez.edu.mx\/examenes\/2022\/lpyn.pdf\">Licenciatrua en Psicolog\u00eda y Neurociencias<\/a><\/span><\/strong><\/p>\n<p><strong><a href=\"https:\/\/www.unez.edu.mx\/examenes\/2022\/ltsyc.pdf\"><span style=\"color: #0000ff;\">Licenciatrua en Trabajo Social y Comunitario<\/span><\/a><\/strong><\/p>\n<p><a href=\"https:\/\/www.unez.edu.mx\/examenes\/2022\/leip.pdf\"><strong><span style=\"color: #0000ff;\">Licenciatura en Educaci\u00f3n Inicial y Preescolar<\/span><\/strong><\/a><\/p>\n<p><strong><a href=\"https:\/\/www.unez.edu.mx\/examenes\/2022\/ia.pdf\"><span style=\"color: #0000ff;\">Ingeniero Arquitecto<\/span><\/a><\/strong><\/p>\n<p><strong><a href=\"https:\/\/www.unez.edu.mx\/examenes\/2022\/iati.pdf\"><span style=\"color: #0000ff;\">Ingenieria en Administraci\u00f3n y Tecnolog\u00edas de Informaci\u00f3n<\/span><\/a><\/strong><\/p>\n<p><strong><span style=\"color: #0000ff;\"><a style=\"color: #0000ff;\" href=\"https:\/\/www.unez.edu.mx\/examenes\/2022\/idiit.pdf\">Ingenier\u00eda en Dise\u00f1o Industrial e Innovaci\u00f3n Tecnol\u00f3gica<\/a><\/span><\/strong><\/p>\n<p><strong><a href=\"https:\/\/www.unez.edu.mx\/examenes\/2022\/iil.pdf\"><span style=\"color: #0000ff;\">Ingenier\u00eda en Industrial y Logistica<\/span><\/a><\/strong><\/p>\n<p><strong><a href=\"https:\/\/www.unez.edu.mx\/examenes\/2022\/im.xlsx\"><span style=\"color: #0000ff;\">Ingenier\u00eda en Mecatr\u00f3nica<\/span><\/a><\/strong><\/p>\n<p><img loading=\"lazy\" decoding=\"async\" class=\"alignnone wp-image-11303 aligncenter\" src=\"https:\/\/unez.edu.mx\/wp-content\/uploads\/2017\/04\/UEZ-final-400-239x300.png\" alt=\"\" width=\"108\" height=\"136\" srcset=\"https:\/\/unez.edu.mx\/wp-content\/uploads\/2017\/04\/UEZ-final-400-239x300.png 239w, https:\/\/unez.edu.mx\/wp-content\/uploads\/2017\/04\/UEZ-final-400.png 400w\" sizes=\"auto, (max-width: 108px) 100vw, 108px\" \/><\/p>\n<h5 style=\"text-align: center;\"><strong>Ser culto, para ser libre.<\/strong><\/h5>\n<p>&nbsp;<\/p>\n<p>&nbsp;<\/p>\n","protected":false},"excerpt":{"rendered":"<p>Horarios de examenes mayo &#8211; agosto 2022 Para conocer los horarios de examenes del ciclo mayo &#8211; agosto 2022 da&#8230;<\/p>\n","protected":false},"author":3,"featured_media":0,"parent":0,"menu_order":0,"comment_status":"closed","ping_status":"closed","template":"","meta":{"_joinchat":[],"footnotes":""},"class_list":["post-12939","page","type-page","status-publish","hentry"],"_links":{"self":[{"href":"https:\/\/unez.edu.mx\/index.php?rest_route=\/wp\/v2\/pages\/12939","targetHints":{"allow":["GET"]}}],"collection":[{"href":"https:\/\/unez.edu.mx\/index.php?rest_route=\/wp\/v2\/pages"}],"about":[{"href":"https:\/\/unez.edu.mx\/index.php?rest_route=\/wp\/v2\/types\/page"}],"author":[{"embeddable":true,"href":"https:\/\/unez.edu.mx\/index.php?rest_route=\/wp\/v2\/users\/3"}],"replies":[{"embeddable":true,"href":"https:\/\/unez.edu.mx\/index.php?rest_route=%2Fwp%2Fv2%2Fcomments&post=12939"}],"version-history":[{"count":7,"href":"https:\/\/unez.edu.mx\/index.php?rest_route=\/wp\/v2\/pages\/12939\/revisions"}],"predecessor-version":[{"id":36357,"href":"https:\/\/unez.edu.mx\/index.php?rest_route=\/wp\/v2\/pages\/12939\/revisions\/36357"}],"wp:attachment":[{"href":"https:\/\/unez.edu.mx\/index.php?rest_route=%2Fwp%2Fv2%2Fmedia&parent=12939"}],"curies":[{"name":"wp","href":"https:\/\/api.w.org\/{rel}","templated":true}]}}