
{"id":12898,"date":"2020-08-02T16:28:49","date_gmt":"2020-08-02T22:28:49","guid":{"rendered":"https:\/\/unez.edu.mx\/?page_id=12898"},"modified":"2020-12-22T14:04:18","modified_gmt":"2020-12-22T20:04:18","slug":"educacion-a-distancia","status":"publish","type":"page","link":"https:\/\/unez.edu.mx\/?page_id=12898","title":{"rendered":"Educaci\u00f3n a distancia"},"content":{"rendered":"<h3 style=\"text-align: center;\"><strong><span style=\"color: #333333;\">ALUMNOS DE NUEVO INGRESO Y REINGRESO<\/span><\/strong><\/h3>\n<h4>Bienvenid@ a la secci\u00f3n de tutoriales para el uso de Microsoft Teams, plataforma digital mediante la cual tomar\u00e1s tus clases en l\u00ednea y podr\u00e1s realizar tus actividades acad\u00e9micas desde tu escritorio o en la web, en tu dispositivo iOS, Android, tableta o computadora port\u00e1til.<\/h4>\n<h4 style=\"text-align: left;\">Revisa esta serie de 3 v\u00eddeos que te preparar\u00e1n para aprovechar las facilidades de Microsoft Teams de manera efectiva y obtener la mejor experiencia de aprendizaje. \u00a1Empecemos!<\/h4>\n<h2><a href=\"https:\/\/youtu.be\/aMPcHLcr5ys\" target=\"_blank\" rel=\"noopener noreferrer\"><img loading=\"lazy\" decoding=\"async\" class=\"alignnone wp-image-12748\" src=\"https:\/\/unez.edu.mx\/wp-content\/uploads\/2020\/07\/video-tutorial-300x150.jpg\" alt=\"\" width=\"260\" height=\"130\" srcset=\"https:\/\/unez.edu.mx\/wp-content\/uploads\/2020\/07\/video-tutorial-300x150.jpg 300w, https:\/\/unez.edu.mx\/wp-content\/uploads\/2020\/07\/video-tutorial-768x385.jpg 768w, https:\/\/unez.edu.mx\/wp-content\/uploads\/2020\/07\/video-tutorial.jpg 798w\" sizes=\"auto, (max-width: 260px) 100vw, 260px\" \/><\/a><a href=\"https:\/\/youtu.be\/Bf-SsCYBxdI\"><img loading=\"lazy\" decoding=\"async\" class=\"alignnone wp-image-12903 \" style=\"font-size: 16px;\" src=\"https:\/\/unez.edu.mx\/wp-content\/uploads\/2020\/08\/SESION-1-300x150.jpg\" alt=\"\" width=\"256\" height=\"128\" srcset=\"https:\/\/unez.edu.mx\/wp-content\/uploads\/2020\/08\/SESION-1-300x150.jpg 300w, https:\/\/unez.edu.mx\/wp-content\/uploads\/2020\/08\/SESION-1-768x385.jpg 768w, https:\/\/unez.edu.mx\/wp-content\/uploads\/2020\/08\/SESION-1.jpg 798w\" sizes=\"auto, (max-width: 256px) 100vw, 256px\" \/><\/a><a href=\"https:\/\/youtu.be\/arGG_7fkMw0\" target=\"_blank&quot;\" rel=\"noopener noreferrer\"><img loading=\"lazy\" decoding=\"async\" class=\"alignnone wp-image-12904 \" src=\"https:\/\/unez.edu.mx\/wp-content\/uploads\/2020\/08\/SESION-2-300x150.jpg\" alt=\"\" width=\"260\" height=\"130\" srcset=\"https:\/\/unez.edu.mx\/wp-content\/uploads\/2020\/08\/SESION-2-300x150.jpg 300w, https:\/\/unez.edu.mx\/wp-content\/uploads\/2020\/08\/SESION-2-768x385.jpg 768w, https:\/\/unez.edu.mx\/wp-content\/uploads\/2020\/08\/SESION-2.jpg 798w\" sizes=\"auto, (max-width: 260px) 100vw, 260px\" \/><\/a><a href=\"https:\/\/youtu.be\/ncxHocIhA74\"><img loading=\"lazy\" decoding=\"async\" class=\"alignnone wp-image-12905 \" src=\"https:\/\/unez.edu.mx\/wp-content\/uploads\/2020\/08\/SESION-3-300x150.jpg\" alt=\"\" width=\"260\" height=\"130\" srcset=\"https:\/\/unez.edu.mx\/wp-content\/uploads\/2020\/08\/SESION-3-300x150.jpg 300w, https:\/\/unez.edu.mx\/wp-content\/uploads\/2020\/08\/SESION-3-768x385.jpg 768w, https:\/\/unez.edu.mx\/wp-content\/uploads\/2020\/08\/SESION-3.jpg 798w\" sizes=\"auto, (max-width: 260px) 100vw, 260px\" \/><\/a><\/h2>\n<h5>Encuentra ayuda <span style=\"color: #000000;\">aqu\u00ed:<\/span> Si despu\u00e9s de ver el tutorial tienes alguna duda o inconveniente entra en comunicaci\u00f3n directa con el equipo de soporte de Microsoft Teams <span style=\"color: #ff0000;\"><a style=\"color: #ff0000;\" href=\"https:\/\/www.unez.edu.mx\/soporte\/index.php?a=add&amp;category=4\">aqu\u00ed.<\/a><\/span><\/h5>\n<p><a href=\"https:\/\/www.unez.edu.mx\/soporte\/index.php?a=add&amp;category=4\" target=\"_blank&quot;\" rel=\"noopener noreferrer\"><img loading=\"lazy\" decoding=\"async\" class=\"wp-image-12924 aligncenter\" src=\"https:\/\/unez.edu.mx\/wp-content\/uploads\/2020\/08\/soporte-300x300.png\" alt=\"\" width=\"170\" height=\"171\" srcset=\"https:\/\/unez.edu.mx\/wp-content\/uploads\/2020\/08\/soporte-300x300.png 300w, https:\/\/unez.edu.mx\/wp-content\/uploads\/2020\/08\/soporte-150x150.png 150w, https:\/\/unez.edu.mx\/wp-content\/uploads\/2020\/08\/soporte-256x256.png 256w, https:\/\/unez.edu.mx\/wp-content\/uploads\/2020\/08\/soporte.png 463w\" sizes=\"auto, (max-width: 170px) 100vw, 170px\" \/><\/a><\/p>\n<h5 style=\"text-align: center;\">\u00a1Bienvenido!<\/h5>\n","protected":false},"excerpt":{"rendered":"<p>ALUMNOS DE NUEVO INGRESO Y REINGRESO Bienvenid@ a la secci\u00f3n de tutoriales para el uso de Microsoft Teams, plataforma digital&#8230;<\/p>\n","protected":false},"author":3,"featured_media":0,"parent":0,"menu_order":0,"comment_status":"closed","ping_status":"closed","template":"","meta":{"_joinchat":[],"footnotes":""},"class_list":["post-12898","page","type-page","status-publish","hentry"],"_links":{"self":[{"href":"https:\/\/unez.edu.mx\/index.php?rest_route=\/wp\/v2\/pages\/12898","targetHints":{"allow":["GET"]}}],"collection":[{"href":"https:\/\/unez.edu.mx\/index.php?rest_route=\/wp\/v2\/pages"}],"about":[{"href":"https:\/\/unez.edu.mx\/index.php?rest_route=\/wp\/v2\/types\/page"}],"author":[{"embeddable":true,"href":"https:\/\/unez.edu.mx\/index.php?rest_route=\/wp\/v2\/users\/3"}],"replies":[{"embeddable":true,"href":"https:\/\/unez.edu.mx\/index.php?rest_route=%2Fwp%2Fv2%2Fcomments&post=12898"}],"version-history":[{"count":23,"href":"https:\/\/unez.edu.mx\/index.php?rest_route=\/wp\/v2\/pages\/12898\/revisions"}],"predecessor-version":[{"id":14086,"href":"https:\/\/unez.edu.mx\/index.php?rest_route=\/wp\/v2\/pages\/12898\/revisions\/14086"}],"wp:attachment":[{"href":"https:\/\/unez.edu.mx\/index.php?rest_route=%2Fwp%2Fv2%2Fmedia&parent=12898"}],"curies":[{"name":"wp","href":"https:\/\/api.w.org\/{rel}","templated":true}]}}